+ f2?
-26f5d
In base 10, what is -364 - -459980?
459616
In base 10, what is 0 - -180982911?
180982911
In base 10, what is -256 - -27518?
27262
In base 9, what is -137654 + 117?
-137536
In base 10, what is 31 + -35003?
-34972
In base 6, what is 23355 - -10054?
33453
In base 12, what is 3 - 14a50092?
-14a5008b
In base 10, what is -22 - 3128399?
-3128421
In base 11, what is -aa04a1 - 18?
-aa0509
In base 10, what is 0 + 779571?
779571
In base 8, what is 123 + 112737547?
112737672
In base 5, what is 1100140113122 + 2?
1100140113124
In base 3, what is 20012222002121 - -10100?
20012222012221
In base 13, what is -372484 + -60?
-372514
In base 10, what is 5326794 + 0?
5326794
In base 10, what is 2 + 16221726?
16221728
In base 9, what is 122868 + 3566?
126545
In base 3, what is 1 - -212020212211?
212020212212
In base 4, what is -331110101 - 30?
-331110131
In base 10, what is -109 - -38022?
37913
In base 6, what is -1234420 + 130?
-1234250
In base 5, what is -1144240004 - -1?
-1144240003
In base 7, what is 1 + -23603501?
-23603500
In base 15, what is -112 + 10d8d9?
10d7c7
In base 10, what is -1408205 - 1?
-1408206
In base 5, what is 13423430234 - -10?
13423430244
In base 15, what is -5 + 26ba6a7?
26ba6a2
In base 12, what is 5 + -bb2571?
-bb2568
In base 7, what is 422323303 - 3?
422323300
In base 14, what is 4c48c + -97?
4c3d5
In base 15, what is 8d6 + -12ec9?
-125e3
In base 12, what is 533a29 + 7?
533a34
In base 5, what is -210241411 - -31?
-210241330
In base 13, what is -79a8 - -24c5b?
1a283
In base 3, what is 102122210200 + 220012?
102200200212
In base 11, what is -1323 - 1254?
-2577
In base 6, what is -105 - -1503011451?
1503011342
In base 14, what is -72587 + -1b?
-725a4
In base 2, what is 0 - 101111110101010010011100001?
-101111110101010010011100001
In base 15, what is 8ed1 - 29?
8ea7
In base 6, what is 55 + -1052515404?
-1052515305
In base 13, what is -27bb - 9737?
-c225
In base 6, what is 2144321 - -151320?
2340041
In base 15, what is cc - 1018e?
-100b2
In base 5, what is -2 + -231004341?
-231004343
In base 14, what is 3896 - -2c2?
3b78
In base 14, what is -210d58a + -4?
-210d590
In base 10, what is 336856 - -521?
337377
In base 10, what is 14539115 - -10?
14539125
In base 7, what is -34012445 - -24?
-34012421
In base 16, what is a6 + -1a7fc?
-1a756
In base 16, what is -1794a3 - -8f?
-179414
In base 7, what is 130 - -1014230?
1014360
In base 12, what is 31a52844 + -a?
31a52836
In base 10, what is -6771 - -329?
-6442
In base 13, what is 10005518 - 5?
10005513
In base 10, what is -80111 + -4932?
-85043
In base 14, what is adba - 146?
ac74
In base 4, what is -221 + 10200230211?
10200223330
In base 11, what is -85a19 - -56?
-85973
In base 7, what is -21442664 - 21?
-21443015
In base 3, what is 22022221 + 1122120?
100222111
In base 9, what is 2113 + -8701?
-6577
In base 16, what is -1bc1 - -1be?
-1a03
In base 13, what is -4 - 1a436357?
-1a43635b
In base 3, what is -1000222201212 + 202?
-1000222201010
In base 4, what is 13332011 + -232113?
13033232
In base 6, what is 1152 - -130104?
131300
In base 12, what is -1 + -2715150?
-2715151
In base 7, what is 4250414111 + -4?
4250414104
In base 9, what is -63570 - -4518?
-58051
In base 14, what is 2d16a39 + -8?
2d16a31
In base 11, what is 43a - -95515?
95954
In base 16, what is -b - -13c6c8?
13c6bd
In base 10, what is -23653 - 410?
-24063
In base 8, what is -14 + -52606657?
-52606673
In base 6, what is -2100 + -214410314?
-214412414
In base 8, what is -5626 - 10152?
-16000
In base 2, what is -1010000 - 111010101101101100101?
-111010101101110110101
In base 14, what is 9445440 + 3?
9445443
In base 15, what is 5018a8 + -e7?
5017b1
In base 7, what is -113256 - -65123?
-15133
In base 15, what is -241 - 28643?
-28884
In base 16, what is 61 - 33ac?
-334b
In base 16, what is -9c65 - 1fb?
-9e60
In base 10, what is 49 - 12127?
-12078
In base 5, what is 241133324210 - 2?
241133324203
In base 9, what is -3337178 + 15?
-3337163
In base 14, what is -43 - 4a37b0?
-4a3813
In base 12, what is -63aa3 - ba2?
-64a85
In base 16, what is 3cc834 + 4?
3cc838
In base 3, what is 211212 - 101122121120?
-101121202201
In base 8, what is -501331540 - -1?
-501331537
In base 5, what is -4312 - -23120?
13303
In base 4, what is 1 + 12010110213123?
12010110213130
In base 9, what is -45032855 + -4?
-45032860
In base 4, what is -1001113 - 11333332?
-13001111
In base 13, what is -101 + -4270c?
-42810
In base 15, what is -2a50e3 - 2?
-2a50e5
In base 3, what is -2220022220220 + -21?
-2220022221011
In base 5, what is -3020 + -1221022?
-1224042
In base 10, what is -85 + 809847?
809762
In base 16, what is -2d000 + 16?
-2cfea
In base 4, what is -12031 - 21301312?
-21320003
In base 10, what is 291 - -1674?
1965
In base 7, what is -12643 + -1014260?
-1030233
In base 16, what is 1881 - 56eb?
-3e6a
In base 11, what is -1480494 + 2?
-1480492
In base 4, what is 30302 + -10120001?
-10023033
In base 14, what is 9 + -42a626?
-42a61b
In base 8, what is -14501 - 501?
-15202
In base 11, what is 3 - -31a4076?
31a4079
In base 7, what is 3165550 + -1?
3165546
In base 8, what is 4 + 36324124?
36324130
In base 3, what is -100010001000 - 2102?
-100010010102
In base 14, what is 45 - 7092?
-704b
In base 16, what is -3da62 - 1b4?
-3dc16
In base 16, what is -10a1 + 1f42b?
1e38a
In base 5, what is -1014413232420 + 10?
-1014413232410
In base 15, what is -54 - 229389d?
-2293902
In base 7, what is 56 - -22414011?
22414100
In base 13, what is 3c9424b5 + 1?
3c9424b6
In base 16, what is -2a1d + -f6b?
-3988
In base 8, what is -20050 + 35?
-20013
In base 3, what is -21 + 2012020201022212?
2012020201022121
In base 7, what is -14213136 + -23?
-14213162
In base 3, what is -200 + 11100021120020?
11100021112120
In base 5, what is -232114 + 30343?
-201221
In base 2, what is -1011010011101101111001111 + -100?
-1011010011101101111010011
In base 16, what is 5 - 4d0bd81?
-4d0bd7c
In base 5, what is -10 - -120034302?
120034242
In base 9, what is 1 - -3072268?
3072270
In base 12, what is 176 + 3a627?
3a7a1
In base 15, what is 0 + 1aa46bac?
1aa46bac
In base 2, what is -111101100000111 - 100011110?
-111110000100101
In base 7, what is 360314051 - -2?
360314053
In base 11, what is -8861 + 49240?
4048a
In base 2, what is -101000101000001 + -111101011111110?
-1100110000111111
In base 12, what is -4a + -3a3145?
-3a3193
In base 9, what is 22262 - 2760?
18402
In base 9, what is -251408012 - -3?
-251408008
In base 11, what is -1a07 - -9057?
7150
In base 2, what is -101010 + -1001000110110100100?
-1001000110111001110
In base 7, what is -530 - 43055?
-43615
In base 13, what is 9 + -318ac?
-318a3
In base 16, what is -8f1 + 1384?
a93
In base 8, what is 122633765 - 35?
122633730
In base 10, what is -1290477 - -23?
-1290454
In base 5, what is 323224 + -4434?
313240
In base 2, what is -101 + -1101110111011100101111?
-1101110111011100110100
In base 5, what is 20 - 1311101432?
-1311101412
In base 6, what is -5 + -53551041?
-53551050
In base 15, what is 101ab8 - 4?
101ab4
In base 14, what is 14838b0 + -9?
14838a5
In base 12, what is b0a0 + -259?
aa43
In base 9, what is -31844 + -410?
-32354
In base 12, what is -2 + -6b58112?
-6b58114
In base 11, what is -691345 - -98a?
-690466
In base 5, what is 0 + -44234022200?
-44234022200
In base 13, what is -a0754 - -c?
-a0745
In base 9, what is 63 - 116128?
-116055
In base 15, what is 36b7 + a62?
4229
In base 13, what is 20 - -23244b?
23246b
In base 8, what is 6050125 + 0?
6050125
In base 5, what is 21330 + 130334?
202214
In base 2, what is -1001100011011111101010 + 1110?
-1001100011011111011100
In base 4, what is 1210012 + 11032302?
12302320
In base 10, what is 957 - -500521?
501478
In base 5, what is -33 - -13220033?
13220000
In base 11, what is -1205 - a61?
-2166
In base 10, what is -20863158 - 2?
-20863160
In base 3, what is -2200110012021000 + -122?
-2200110012021122
In base 12, what is 789 + 47113?
478a0
In base 12, what is -3 + -27b7b91a?
-27b7b921
In base 11, what is 739726 - -18a?
739905
In base 10, what is -157 + -221987?
-222144
In base 7, what is 1031416255 + -12?
1031416243
In base 10, what is 51890161 + -24?
51890137
In base 6, what is -2 - 103552155?
-103552201
In base 6, what is 1114 - -122005?
123123
In base 7, what is -3421256 - -1?
-3421255
In base 9, w